{"id":69,"date":"2021-03-17T17:12:06","date_gmt":"2021-03-17T17:12:06","guid":{"rendered":"http:\/\/biosferaeduca.com\/invacat\/?page_id=69"},"modified":"2023-06-14T20:20:53","modified_gmt":"2023-06-14T20:20:53","slug":"jornades-derradicacio-de-plantes-invasores-al-cap-de-creus","status":"publish","type":"page","link":"https:\/\/biosferaeduca.com\/invacat20\/jornades-derradicacio-de-plantes-invasores-al-cap-de-creus\/","title":{"rendered":"JORNADES D\u2019ERRADICACI\u00d3 DE PLANTES INVASORES AL CAP DE CREUS"},"content":{"rendered":"<p>[et_pb_section fb_built=\u00bb1&#8243; admin_label=\u00bbHeader\u00bb _builder_version=\u00bb4.16&#8243; _module_preset=\u00bbdefault\u00bb custom_margin=\u00bb62px||||false|false\u00bb custom_margin_tablet=\u00bb350px||||false|false\u00bb custom_margin_phone=\u00bb0px||||false|false\u00bb custom_margin_last_edited=\u00bbon|phone\u00bb global_colors_info=\u00bb{}\u00bb][et_pb_row column_structure=\u00bb3_5,2_5&#8243; _builder_version=\u00bb4.16&#8243; _module_preset=\u00bbdefault\u00bb custom_margin=\u00bb59px||||false|false\u00bb custom_margin_tablet=\u00bb\u00bb custom_margin_phone=\u00bb0px||||false|false\u00bb custom_margin_last_edited=\u00bbon|phone\u00bb global_colors_info=\u00bb{}\u00bb][et_pb_column type=\u00bb3_5&#8243; _builder_version=\u00bb4.16&#8243; _module_preset=\u00bbdefault\u00bb global_colors_info=\u00bb{}\u00bb][et_pb_text _builder_version=\u00bb4.16&#8243; _module_preset=\u00bb6ca64ecf-fbe3-4428-b1e8-65745f623d5d\u00bb header_font=\u00bbPoppins|700|||||||\u00bb header_text_color=\u00bb#000000&#8243; header_font_size=\u00bb70px\u00bb header_line_height=\u00bb1.2em\u00bb header_font_size_tablet=\u00bb40px\u00bb header_font_size_phone=\u00bb25px\u00bb header_font_size_last_edited=\u00bbon|phone\u00bb locked=\u00bboff\u00bb global_colors_info=\u00bb{}\u00bb]<\/p>\n<h1>JORNADES D\u2019ERRADICACI\u00d3 DE PLANTES INVASORES AL CAP DE CREUS<\/h1>\n<p>[\/et_pb_text][et_pb_text _builder_version=\u00bb4.16&#8243; _module_preset=\u00bba71a5122-3537-4d1b-aa15-649fe0057a23&#8243; text_font=\u00bbWork Sans||||||||\u00bb text_font_size=\u00bb16px\u00bb text_line_height=\u00bb1.8em\u00bb custom_padding=\u00bb0px|||||\u00bb text_font_size_tablet=\u00bb15px\u00bb text_font_size_phone=\u00bb14px\u00bb text_font_size_last_edited=\u00bbon|desktop\u00bb locked=\u00bboff\u00bb global_colors_info=\u00bb{}\u00bb]<\/p>\n<p>L\u2019objectiu de les Jornades d\u2019erradicaci\u00f3 de plantes invasores al Cap de Creus \u00e9s <strong>la millora de l&#8217;estat ecol\u00f2gic del patrimoni natural i la conservaci\u00f3 de la biodiversitat del Parc Natural del Cap de Creus<\/strong>. Es pret\u00e9n promoure la conservaci\u00f3 de la flora aut\u00f2ctona I del paisatge litoral del Parc, mitjan\u00e7ant Jornades d&#8217;erradicaci\u00f3 de plantes ex\u00f2tiques invasores, la retirada de deixalles i l&#8217;educaci\u00f3 ambiental amb el suport del voluntariat assistent.<\/p>\n<p>[\/et_pb_text][\/et_pb_column][et_pb_column type=\u00bb2_5&#8243; _builder_version=\u00bb4.16&#8243; _module_preset=\u00bbdefault\u00bb global_colors_info=\u00bb{}\u00bb][et_pb_image src=\u00bbhttp:\/\/biosferaeduca.com\/invacat\/wp-content\/uploads\/2021\/04\/jornades.jpg\u00bb title_text=\u00bbjornades\u00bb _builder_version=\u00bb4.16&#8243; _module_preset=\u00bbdefault\u00bb locked=\u00bboff\u00bb global_colors_info=\u00bb{}\u00bb][\/et_pb_image][\/et_pb_column][\/et_pb_row][et_pb_row column_structure=\u00bb1_3,1_3,1_3&#8243; _builder_version=\u00bb4.16&#8243; _module_preset=\u00bbdefault\u00bb width=\u00bb95%\u00bb width_tablet=\u00bb80%\u00bb width_phone=\u00bb\u00bb width_last_edited=\u00bbon|tablet\u00bb max_width=\u00bb1447px\u00bb custom_margin=\u00bb109px||109px||true|false\u00bb custom_margin_tablet=\u00bb0px||0px||true|false\u00bb custom_margin_phone=\u00bb\u00bb custom_margin_last_edited=\u00bbon|phone\u00bb global_colors_info=\u00bb{}\u00bb][et_pb_column type=\u00bb1_3&#8243; _builder_version=\u00bb4.16&#8243; _module_preset=\u00bbdefault\u00bb global_colors_info=\u00bb{}\u00bb][et_pb_image src=\u00bbhttp:\/\/biosferaeduca.com\/invacat\/wp-content\/uploads\/2021\/04\/JornadesFoto2.jpg\u00bb title_text=\u00bbJornadesFoto2&#8243; _builder_version=\u00bb4.16&#8243; _module_preset=\u00bbdefault\u00bb locked=\u00bboff\u00bb global_colors_info=\u00bb{}\u00bb][\/et_pb_image][\/et_pb_column][et_pb_column type=\u00bb1_3&#8243; _builder_version=\u00bb4.16&#8243; _module_preset=\u00bbdefault\u00bb global_colors_info=\u00bb{}\u00bb][et_pb_image src=\u00bbhttp:\/\/biosferaeduca.com\/invacat\/wp-content\/uploads\/2021\/04\/JornadesFoto3.jpg\u00bb title_text=\u00bbJornadesFoto3&#8243; _builder_version=\u00bb4.16&#8243; _module_preset=\u00bbdefault\u00bb custom_margin=\u00bb||1px|||\u00bb locked=\u00bboff\u00bb global_colors_info=\u00bb{}\u00bb][\/et_pb_image][\/et_pb_column][et_pb_column type=\u00bb1_3&#8243; _builder_version=\u00bb4.16&#8243; _module_preset=\u00bbdefault\u00bb global_colors_info=\u00bb{}\u00bb][et_pb_image src=\u00bbhttp:\/\/biosferaeduca.com\/invacat\/wp-content\/uploads\/2021\/04\/JornadesFoto4.jpg\u00bb title_text=\u00bbJornadesFoto4&#8243; _builder_version=\u00bb4.16&#8243; _module_preset=\u00bbdefault\u00bb locked=\u00bboff\u00bb global_colors_info=\u00bb{}\u00bb][\/et_pb_image][\/et_pb_column][\/et_pb_row][\/et_pb_section][et_pb_section fb_built=\u00bb1&#8243; admin_label=\u00bbAbout\u00bb _builder_version=\u00bb4.16&#8243; _module_preset=\u00bbdefault\u00bb custom_padding=\u00bb0px|||||\u00bb global_colors_info=\u00bb{}\u00bb][et_pb_row column_structure=\u00bb2_5,3_5&#8243; _builder_version=\u00bb4.16&#8243; _module_preset=\u00bbdefault\u00bb global_colors_info=\u00bb{}\u00bb][et_pb_column type=\u00bb2_5&#8243; _builder_version=\u00bb4.16&#8243; _module_preset=\u00bbdefault\u00bb global_colors_info=\u00bb{}\u00bb][et_pb_text _builder_version=\u00bb4.16&#8243; _module_preset=\u00bbdefault\u00bb header_font=\u00bbPoppins|700|||||||\u00bb header_text_color=\u00bb#000000&#8243; header_font_size=\u00bb70px\u00bb header_line_height=\u00bb1.2em\u00bb header_2_font_size=\u00bb32px\u00bb header_font_size_tablet=\u00bb40px\u00bb header_font_size_phone=\u00bb25px\u00bb header_font_size_last_edited=\u00bbon|phone\u00bb global_colors_info=\u00bb{}\u00bb]<\/p>\n<h2><strong>Conservaci\u00f3 de la biodiversitat vegetal al Parc Natural de Cap de Creus: Jornades d&#8217;erradicaci\u00f3 de plantes invasores, retirada de deixalles i educaci\u00f3 ambiental<\/strong><\/h2>\n<p>[\/et_pb_text][\/et_pb_column][et_pb_column type=\u00bb3_5&#8243; _builder_version=\u00bb4.16&#8243; _module_preset=\u00bbdefault\u00bb global_colors_info=\u00bb{}\u00bb][et_pb_text _builder_version=\u00bb4.21.0&#8243; _module_preset=\u00bba71a5122-3537-4d1b-aa15-649fe0057a23&#8243; text_font=\u00bbWork Sans||||||||\u00bb text_font_size=\u00bb16px\u00bb text_line_height=\u00bb1.8em\u00bb header_font=\u00bb|700|||||||\u00bb hover_enabled=\u00bb0&#8243; text_font_size_tablet=\u00bb15px\u00bb text_font_size_phone=\u00bb14px\u00bb text_font_size_last_edited=\u00bbon|desktop\u00bb locked=\u00bboff\u00bb global_colors_info=\u00bb{}\u00bb sticky_enabled=\u00bb0&#8243;]<\/p>\n<p>Es duran a terme <strong>un total de 30 Jornades d\u2019erradicaci\u00f3 de flora ex\u00f2tica invasora en ecosistemes terrestres litorals del Parc Natural de Cap de Creus.<\/strong> La duraci\u00f3 aproximada de les Jornades d\u2019erradicaci\u00f3 de plantes invasores ser\u00e0 de 4 hores, i el dia i l&#8217;horari s&#8217;adequar\u00e0 a la disponibilitat dels col\u00b7lectius destinataris. A cada Jornada EEI es dur\u00e0 a terme una visita guiada al Parc Natural de Cap de Creus que inclour\u00e0 una presentaci\u00f3 inicial dels objectius projecte i les activitats i metodologies a desenvolupar durant la diada. Es realitzar\u00e0 una explicaci\u00f3 dels valors naturals de l&#8217;espai natural, i s&#8217;aprofitar\u00e0 per exposar <strong>les problem\u00e0tiques relacionades amb les esp\u00e8cies de flora ex\u00f2tica invasora<\/strong> a partir de casos pr\u00e0ctics <em>in situ<\/em>. A continuaci\u00f3 es dur\u00e0 a terme l\u2019arrencada de plantes invasores, aix\u00ed com a la retirada de residus de l&#8217;espai, amb la participaci\u00f3 activa dels voluntaris participants en la Jornada. La zona d\u2019actuaci\u00f3 s\u2019escollir\u00e0 en funci\u00f3 de la tipologia dels participants, de manera que les diferents esp\u00e8cies de flora ex\u00f2tica a erradicar i les caracter\u00edstiques d\u2019accessibilitat de la zona s\u2019adeq\u00fcin a la tipologia dels participants.<\/p>\n<p>[\/et_pb_text][\/et_pb_column][\/et_pb_row][et_pb_row _builder_version=\u00bb4.16&#8243; _module_preset=\u00bbdefault\u00bb width=\u00bb95%\u00bb width_tablet=\u00bb80%\u00bb width_phone=\u00bb\u00bb width_last_edited=\u00bbon|tablet\u00bb max_width=\u00bb1447px\u00bb custom_margin=\u00bb109px||109px||true|false\u00bb custom_margin_tablet=\u00bb0px||0px||true|false\u00bb custom_margin_phone=\u00bb\u00bb custom_margin_last_edited=\u00bbon|phone\u00bb global_colors_info=\u00bb{}\u00bb][et_pb_column type=\u00bb4_4&#8243; _builder_version=\u00bb4.16&#8243; _module_preset=\u00bbdefault\u00bb global_colors_info=\u00bb{}\u00bb][et_pb_gallery gallery_ids=\u00bb227,228,229,230&#8243; show_title_and_caption=\u00bboff\u00bb show_pagination=\u00bboff\u00bb _builder_version=\u00bb4.16&#8243; _module_preset=\u00bbdefault\u00bb global_colors_info=\u00bb{}\u00bb][\/et_pb_gallery][\/et_pb_column][\/et_pb_row][et_pb_row column_structure=\u00bb2_5,3_5&#8243; _builder_version=\u00bb4.16&#8243; _module_preset=\u00bbdefault\u00bb global_colors_info=\u00bb{}\u00bb][et_pb_column type=\u00bb2_5&#8243; _builder_version=\u00bb4.16&#8243; _module_preset=\u00bbdefault\u00bb global_colors_info=\u00bb{}\u00bb][et_pb_text _builder_version=\u00bb4.16&#8243; _module_preset=\u00bbdefault\u00bb header_font=\u00bbPoppins|700|||||||\u00bb header_text_color=\u00bb#000000&#8243; header_font_size=\u00bb70px\u00bb header_line_height=\u00bb1.2em\u00bb header_2_font_size=\u00bb32px\u00bb header_font_size_tablet=\u00bb40px\u00bb header_font_size_phone=\u00bb25px\u00bb header_font_size_last_edited=\u00bbon|phone\u00bb global_colors_info=\u00bb{}\u00bb]<\/p>\n<h2><strong>El Parc Natural de Cap de Creus \u00e9s un espai prioritari per a la conservaci\u00f3 de la biodiversitat terrestre<\/strong><\/h2>\n<p>[\/et_pb_text][\/et_pb_column][et_pb_column type=\u00bb3_5&#8243; _builder_version=\u00bb4.16&#8243; _module_preset=\u00bbdefault\u00bb global_colors_info=\u00bb{}\u00bb][et_pb_text _builder_version=\u00bb4.16&#8243; _module_preset=\u00bba71a5122-3537-4d1b-aa15-649fe0057a23&#8243; text_font=\u00bbWork Sans||||||||\u00bb text_font_size=\u00bb16px\u00bb text_line_height=\u00bb1.8em\u00bb header_font=\u00bb|700|||||||\u00bb text_font_size_tablet=\u00bb15px\u00bb text_font_size_phone=\u00bb14px\u00bb text_font_size_last_edited=\u00bbon|desktop\u00bb locked=\u00bboff\u00bb global_colors_info=\u00bb{}\u00bb]<\/p>\n<p><strong>El Parc Natural de Cap de Creus \u00e9s un espai prioritari per a la conservaci\u00f3 de la biodiversitat terrestre<\/strong> degut a l\u2019elevada riquesa de la seva flora aut\u00f2ctona, amb esp\u00e8cies de plantes adaptades a les fortes condicions de vent i salubritat de l\u2019entorn natural. La gran riquesa del seu patrimoni vegetal \u00e9s conseq\u00fc\u00e8ncia directa de la situaci\u00f3 biogeogr\u00e0fica del Cap de Creus, la coexist\u00e8ncia d&#8217;elements mediterranis i extramediterranis, i la pres\u00e8ncia de nombroses esp\u00e8cies vegetals rares, algunes d&#8217;elles end\u00e8miques. El Parc Natural de Cap de Creus forma part de la Red Natura 2000, com a Zona d\u2019Especial Protecci\u00f3 per a les Aus (ZEPA) i com a Lloc d\u2019Import\u00e0ncia Comunit\u00e0ria (LIC ES5120007), definida per la Directiva H\u00e0bitats 92\/43\/CEE i aprovada per l\u2019Acord de Govern 112\/2006 per la Generalitat de Catalunya. Els espais naturals costaners del Parc Natural estan integrats en la xarxa de Zones d\u2019Especial Protecci\u00f3 d\u2019Import\u00e0ncia del Mediterrani (ZEPIM) del protocol d\u2019\u00c0rees Marines Protegides (AMP) del Conveni de Barcelona (2003), i en el Pla d&#8217;Espais d&#8217;Inter\u00e8s Natural (PEIN) de la Generalitat de Catalunya.<\/p>\n<p>[\/et_pb_text][\/et_pb_column][\/et_pb_row][et_pb_row _builder_version=\u00bb4.16&#8243; _module_preset=\u00bbdefault\u00bb width=\u00bb95%\u00bb width_tablet=\u00bb80%\u00bb width_phone=\u00bb\u00bb width_last_edited=\u00bbon|tablet\u00bb max_width=\u00bb1447px\u00bb custom_margin=\u00bb109px||109px||true|false\u00bb custom_margin_tablet=\u00bb0px||0px||true|false\u00bb custom_margin_phone=\u00bb\u00bb custom_margin_last_edited=\u00bbon|phone\u00bb global_colors_info=\u00bb{}\u00bb][et_pb_column type=\u00bb4_4&#8243; _builder_version=\u00bb4.16&#8243; _module_preset=\u00bbdefault\u00bb global_colors_info=\u00bb{}\u00bb][et_pb_gallery gallery_ids=\u00bb231,232,233,234&#8243; show_title_and_caption=\u00bboff\u00bb show_pagination=\u00bboff\u00bb _builder_version=\u00bb4.16&#8243; _module_preset=\u00bbdefault\u00bb global_colors_info=\u00bb{}\u00bb][\/et_pb_gallery][\/et_pb_column][\/et_pb_row][et_pb_row _builder_version=\u00bb4.16&#8243; _module_preset=\u00bbdefault\u00bb global_colors_info=\u00bb{}\u00bb][et_pb_column type=\u00bb4_4&#8243; _builder_version=\u00bb4.16&#8243; _module_preset=\u00bbdefault\u00bb global_colors_info=\u00bb{}\u00bb][et_pb_text _builder_version=\u00bb4.16&#8243; _module_preset=\u00bbdefault\u00bb header_font=\u00bbPoppins|700|||||||\u00bb header_text_color=\u00bb#000000&#8243; header_font_size=\u00bb70px\u00bb header_line_height=\u00bb1.2em\u00bb header_2_font_size=\u00bb32px\u00bb header_font_size_tablet=\u00bb40px\u00bb header_font_size_phone=\u00bb25px\u00bb header_font_size_last_edited=\u00bbon|phone\u00bb global_colors_info=\u00bb{}\u00bb]<\/p>\n<h2><strong>A les Jornades d\u2019erradicaci\u00f3 de plantes invasores es pret\u00e9n sensibilitzar sobre els espais naturals protegits del nostre territori i la import\u00e0ncia de la seva conservaci\u00f3<\/strong><\/h2>\n<p>[\/et_pb_text][et_pb_text _builder_version=\u00bb4.16&#8243; _module_preset=\u00bbdefault\u00bb header_font=\u00bbPoppins|700|||||||\u00bb header_text_color=\u00bb#000000&#8243; header_font_size=\u00bb70px\u00bb header_line_height=\u00bb1.2em\u00bb header_2_font_size=\u00bb32px\u00bb header_font_size_tablet=\u00bb40px\u00bb header_font_size_phone=\u00bb25px\u00bb header_font_size_last_edited=\u00bbon|phone\u00bb global_colors_info=\u00bb{}\u00bb]<\/p>\n<p><strong>Una de les amenaces principals per a la conservaci\u00f3 de la flora aut\u00f2ctona del Cap de Creus \u00e9s la invasi\u00f3 de les plantes ex\u00f2tiques invasores<\/strong>. Les plantes invasores han estat introdu\u00efdes principalment amb fins ornamentals i jardineria. Per exemple, l&#8217;ungla de gat (<em>Carpobrotus<\/em> spp.) \u00e9s una de les plantes ex\u00f2tiques invasores m\u00e9s abundant i nociva del Parc, que des d\u2019antic s&#8217;ha usat com a planta entapissant i fixadora de s\u00f2ls en zones costaneres, jardins particulars i en l&#8217;enjardinament d&#8217;obres p\u00fabliques. Arran d&#8217;aquests cultius s&#8217;ha anat naturalitzant \u00e0mpliament en arenals i penya-segats costaners. Existeixen altres esp\u00e8cies de plantes invasores que han enva\u00eft el Cap de Creus afavorides per l&#8217;acci\u00f3 humana, com ara la figuera de moro (<em>Opuntia<\/em> spp.), la canya com\u00fa (<em>Arundo donax<\/em>), l&#8217;atzavara (<em>Agave americana<\/em>), la Gaz\u00e0nia (<em>Gazania<\/em> spp.) i el b\u00e0lsam (<em>Aloe maculata<\/em>).<\/p>\n<p>[\/et_pb_text][\/et_pb_column][\/et_pb_row][et_pb_row _builder_version=\u00bb4.16&#8243; _module_preset=\u00bbdefault\u00bb width=\u00bb95%\u00bb width_tablet=\u00bb80%\u00bb width_phone=\u00bb\u00bb width_last_edited=\u00bbon|tablet\u00bb max_width=\u00bb1447px\u00bb custom_margin=\u00bb109px||109px||true|false\u00bb custom_margin_tablet=\u00bb0px||0px||true|false\u00bb custom_margin_phone=\u00bb\u00bb custom_margin_last_edited=\u00bbon|phone\u00bb global_colors_info=\u00bb{}\u00bb][et_pb_column type=\u00bb4_4&#8243; _builder_version=\u00bb4.16&#8243; _module_preset=\u00bbdefault\u00bb global_colors_info=\u00bb{}\u00bb][et_pb_gallery gallery_ids=\u00bb235,236,237,238&#8243; show_title_and_caption=\u00bboff\u00bb show_pagination=\u00bboff\u00bb _builder_version=\u00bb4.16&#8243; _module_preset=\u00bbdefault\u00bb global_colors_info=\u00bb{}\u00bb][\/et_pb_gallery][\/et_pb_column][\/et_pb_row][et_pb_row _builder_version=\u00bb4.16&#8243; _module_preset=\u00bbdefault\u00bb global_colors_info=\u00bb{}\u00bb][et_pb_column type=\u00bb4_4&#8243; _builder_version=\u00bb4.16&#8243; _module_preset=\u00bbdefault\u00bb global_colors_info=\u00bb{}\u00bb][et_pb_text _builder_version=\u00bb4.16&#8243; _module_preset=\u00bbdefault\u00bb header_font=\u00bbPoppins|700|||||||\u00bb header_text_color=\u00bb#000000&#8243; header_font_size=\u00bb70px\u00bb header_line_height=\u00bb1.2em\u00bb header_2_font_size=\u00bb32px\u00bb header_font_size_tablet=\u00bb40px\u00bb header_font_size_phone=\u00bb25px\u00bb header_font_size_last_edited=\u00bbon|phone\u00bb global_colors_info=\u00bb{}\u00bb]<\/p>\n<p>Aquesta <strong>capacitat de les plantes invasores per cr\u00e9ixer en situacions dif\u00edcils i en abs\u00e8ncia de competidors naturals \u00e9s el que ha afavorit la seva expansi\u00f3<\/strong> per la costa del Cap de Creus, posant en greu perill la biodiversitat de la flora aut\u00f2ctona. Per tant, les \u00e0rees protegides, que identifiquen una zona d\u2019especial inter\u00e8s ecol\u00f2gic i de valu\u00f3s patrimoni natural, no estan exemptes del efectes de la flora ex\u00f2tica invasora. En general, les actuacions destinades a atenuar la invasi\u00f3 de plantes ex\u00f2tiques s&#8217;han de dur a terme a nivell global. No obstant, s&#8217;ha pogut comprovar que la gesti\u00f3 a petita escala que es pot dur a terme en els espais naturals protegits contribueix en gran mesura a atenuar els efectes negatius de les EEI a nivell local. Per exemple, l\u2019ungla de gat \u00e9s una planta que es reprodueix sexualment per primer cop als 2-3 anys de vida, i la viabilitat del seu banc de llavors al s\u00f2l \u00e9s curt, disminuint exponencialment fins un m\u00e0xim de 10 anys. Per tant, una gesti\u00f3 bianual activa i continuada permetria erradicar aquesta esp\u00e8cie del Parc.<\/p>\n<p>[\/et_pb_text][\/et_pb_column][\/et_pb_row][et_pb_row _builder_version=\u00bb4.16&#8243; _module_preset=\u00bbdefault\u00bb width=\u00bb95%\u00bb width_tablet=\u00bb80%\u00bb width_phone=\u00bb\u00bb width_last_edited=\u00bbon|tablet\u00bb max_width=\u00bb1447px\u00bb custom_margin=\u00bb109px||109px||true|false\u00bb custom_margin_tablet=\u00bb0px||0px||true|false\u00bb custom_margin_phone=\u00bb\u00bb custom_margin_last_edited=\u00bbon|phone\u00bb global_colors_info=\u00bb{}\u00bb][et_pb_column type=\u00bb4_4&#8243; _builder_version=\u00bb4.16&#8243; _module_preset=\u00bbdefault\u00bb global_colors_info=\u00bb{}\u00bb][et_pb_gallery gallery_ids=\u00bb240,239&#8243; posts_number=\u00bb2&#8243; show_title_and_caption=\u00bboff\u00bb show_pagination=\u00bboff\u00bb _builder_version=\u00bb4.16&#8243; _module_preset=\u00bbdefault\u00bb global_colors_info=\u00bb{}\u00bb][\/et_pb_gallery][\/et_pb_column][\/et_pb_row][et_pb_row _builder_version=\u00bb4.16&#8243; _module_preset=\u00bbdefault\u00bb global_colors_info=\u00bb{}\u00bb][et_pb_column type=\u00bb4_4&#8243; _builder_version=\u00bb4.16&#8243; _module_preset=\u00bbdefault\u00bb global_colors_info=\u00bb{}\u00bb][et_pb_text _builder_version=\u00bb4.16&#8243; _module_preset=\u00bbdefault\u00bb header_font=\u00bbPoppins|700|||||||\u00bb header_text_color=\u00bb#000000&#8243; header_font_size=\u00bb70px\u00bb header_line_height=\u00bb1.2em\u00bb header_2_font_size=\u00bb32px\u00bb header_font_size_tablet=\u00bb40px\u00bb header_font_size_phone=\u00bb25px\u00bb header_font_size_last_edited=\u00bbon|phone\u00bb global_colors_info=\u00bb{}\u00bb]<\/p>\n<p>Aix\u00ed doncs, <strong>el projecte INVACAT 2.0 pret\u00e9n contribuir a erradicar les plantes invasores al Parc Natural de Cap de Creus<\/strong>, garantint aix\u00ed unes condicions favorables per a la conservaci\u00f3 de les esp\u00e8cies vegetals aut\u00f2ctones al Cap de Creus, alhora que es pret\u00e9n conscienciar la societat mitjan\u00e7ant l&#8217;educaci\u00f3 ambiental per prevenir la seva proliferaci\u00f3. A m\u00e9s a m\u00e9s, es pret\u00e9n retirar les deixalles de les zones on s\u2019actu\u00ef, com ara les platges del Cap de Creus, contribuint aix\u00ed a millorar l\u2019estat de conservaci\u00f3 de l\u2019espai natural.<\/p>\n<p>[\/et_pb_text][\/et_pb_column][\/et_pb_row][et_pb_row _builder_version=\u00bb4.16&#8243; _module_preset=\u00bbdefault\u00bb width=\u00bb95%\u00bb width_tablet=\u00bb80%\u00bb width_phone=\u00bb\u00bb width_last_edited=\u00bbon|tablet\u00bb max_width=\u00bb1447px\u00bb custom_margin=\u00bb109px||109px||true|false\u00bb custom_margin_tablet=\u00bb0px||0px||true|false\u00bb custom_margin_phone=\u00bb\u00bb custom_margin_last_edited=\u00bbon|phone\u00bb global_colors_info=\u00bb{}\u00bb][et_pb_column type=\u00bb4_4&#8243; _builder_version=\u00bb4.16&#8243; _module_preset=\u00bbdefault\u00bb global_colors_info=\u00bb{}\u00bb][et_pb_gallery gallery_ids=\u00bb241,242,243,244&#8243; show_title_and_caption=\u00bboff\u00bb show_pagination=\u00bboff\u00bb _builder_version=\u00bb4.16&#8243; _module_preset=\u00bbdefault\u00bb global_colors_info=\u00bb{}\u00bb][\/et_pb_gallery][\/et_pb_column][\/et_pb_row][et_pb_row _builder_version=\u00bb4.16&#8243; _module_preset=\u00bbdefault\u00bb global_colors_info=\u00bb{}\u00bb][et_pb_column type=\u00bb4_4&#8243; _builder_version=\u00bb4.16&#8243; _module_preset=\u00bbdefault\u00bb global_colors_info=\u00bb{}\u00bb][et_pb_text _builder_version=\u00bb4.16&#8243; _module_preset=\u00bbdefault\u00bb header_font=\u00bbPoppins|700|||||||\u00bb header_text_color=\u00bb#000000&#8243; header_font_size=\u00bb70px\u00bb header_line_height=\u00bb1.2em\u00bb header_2_font_size=\u00bb32px\u00bb header_font_size_tablet=\u00bb40px\u00bb header_font_size_phone=\u00bb25px\u00bb header_font_size_last_edited=\u00bbon|phone\u00bb global_colors_info=\u00bb{}\u00bb]<\/p>\n<p>Per altra banda, es fomentaran <strong>les bones pr\u00e0ctiques en la jardineria dom\u00e8stica<\/strong> mitjan\u00e7ant la formaci\u00f3 dels propietaris de cases amb jard\u00ed dels municipis adjacents al Parc Natural de Cap de Creus, per <strong>promoure que eliminin les plantes invasores del seu jard\u00ed i aix\u00ed evitar que proliferin als ecosistemes naturals del Parc<\/strong>. En molts casos, el desconeixement de la problem\u00e0tica de les plantes invasores \u00e9s el que fa que s&#8217;utilitzin plantes invasores en els jardins particulars. En aquest sentit, l&#8217;ungla de gat s&#8217;utilitza en jardins particulars per qu\u00e8 \u00e9s una planta f\u00e0cil de cultivar i de baix manteniment que, a m\u00e9s, presenta unes flors boniques. De fet, s&#8217;ha observat propietaris de cases que en fan un esqueix recollint-la en els ecosistemes naturals del Parc, i la planten al seu jard\u00ed. Tamb\u00e9 s&#8217;informar\u00e0 a la societat dels objectius de les diferents accions dutes a terme en aquest projecte, a trav\u00e9s de l&#8217;edici\u00f3 d&#8217;un tr\u00edptic, un p\u00f2ster i d&#8217;una nota de premsa que es difondr\u00e0 entre les entitats i els participants a les Jornades EEI i als Tallers EEI de la comarca de l\u2019Alt Empord\u00e0, i als medis de comunicaci\u00f3 locals i regionals.<\/p>\n<p>[\/et_pb_text][\/et_pb_column][\/et_pb_row][\/et_pb_section]<\/p>\n","protected":false},"excerpt":{"rendered":"<p>JORNADES D\u2019ERRADICACI\u00d3 DE PLANTES INVASORES AL CAP DE CREUSL\u2019objectiu de les Jornades d\u2019erradicaci\u00f3 de plantes invasores al Cap de Creus \u00e9s la millora de l&#8217;estat ecol\u00f2gic del patrimoni natural i la conservaci\u00f3 de la biodiversitat del Parc Natural del Cap de Creus. Es pret\u00e9n promoure la conservaci\u00f3 de la flora aut\u00f2ctona I del paisatge litoral [&hellip;]<\/p>\n","protected":false},"author":1,"featured_media":0,"parent":0,"menu_order":0,"comment_status":"closed","ping_status":"closed","template":"","meta":{"_et_pb_use_builder":"on","_et_pb_old_content":"","_et_gb_content_width":"","footnotes":""},"class_list":["post-69","page","type-page","status-publish","hentry"],"_links":{"self":[{"href":"https:\/\/biosferaeduca.com\/invacat20\/wp-json\/wp\/v2\/pages\/69","targetHints":{"allow":["GET"]}}],"collection":[{"href":"https:\/\/biosferaeduca.com\/invacat20\/wp-json\/wp\/v2\/pages"}],"about":[{"href":"https:\/\/biosferaeduca.com\/invacat20\/wp-json\/wp\/v2\/types\/page"}],"author":[{"embeddable":true,"href":"https:\/\/biosferaeduca.com\/invacat20\/wp-json\/wp\/v2\/users\/1"}],"replies":[{"embeddable":true,"href":"https:\/\/biosferaeduca.com\/invacat20\/wp-json\/wp\/v2\/comments?post=69"}],"version-history":[{"count":1,"href":"https:\/\/biosferaeduca.com\/invacat20\/wp-json\/wp\/v2\/pages\/69\/revisions"}],"predecessor-version":[{"id":637,"href":"https:\/\/biosferaeduca.com\/invacat20\/wp-json\/wp\/v2\/pages\/69\/revisions\/637"}],"wp:attachment":[{"href":"https:\/\/biosferaeduca.com\/invacat20\/wp-json\/wp\/v2\/media?parent=69"}],"curies":[{"name":"wp","href":"https:\/\/api.w.org\/{rel}","templated":true}]}}